the prime factors of 60?
2, 3, 5
List the prime factors of 18616.
2, 13, 179
List the prime factors of 8513.
8513
List the prime factors of 151.
151
What are the prime factors of 1766?
2, 883
What are the prime factors of 1860?
2, 3, 5, 31
What are the prime factors of 935?
5, 11, 17
List the prime factors of 66028.
2, 17, 971
List the prime factors of 2509.
13, 193
What are the prime factors of 86571?
3, 9619
What are the prime factors of 17085?
3, 5, 17, 67
List the prime factors of 23965.
5, 4793
What are the prime factors of 9388?
2, 2347
List the prime factors of 25514.
2, 12757
List the prime factors of 17570.
2, 5, 7, 251
What are the prime factors of 368?
2, 23
List the prime factors of 841.
29
What are the prime factors of 4417?
7, 631
List the prime factors of 3774.
2, 3, 17, 37
List the prime factors of 2608.
2, 163
What are the prime factors of 98964?
2, 3, 2749
List the prime factors of 189.
3, 7
What are the prime factors of 4196?
2, 1049
List the prime factors of 13170.
2, 3, 5, 439
What are the prime factors of 5883?
3, 37, 53
List the prime factors of 1310.
2, 5, 131
List the prime factors of 7924.
2, 7, 283
What are the prime factors of 2237?
2237
List the prime factors of 6018.
2, 3, 17, 59
What are the prime factors of 821?
821
List the prime factors of 266.
2, 7, 19
What are the prime factors of 62044?
2, 15511
List the prime factors of 8728.
2, 1091
What are the prime factors of 6280?
2, 5, 157
List the prime factors of 80193.
3, 26731
List the prime factors of 18019.
37, 487
What are the prime factors of 79737?
3, 7, 3797
List the prime factors of 2141.
2141
List the prime factors of 27924.
2, 3, 13, 179
What are the prime factors of 869?
11, 79
What are the prime factors of 27?
3
List the prime factors of 2818.
2, 1409
List the prime factors of 2554.
2, 1277
List the prime factors of 37309.
37309
List the prime factors of 317.
317
List the prime factors of 12027.
3, 19, 211
What are the prime factors of 8985?
3, 5, 599
List the prime factors of 4863.
3, 1621
What are the prime factors of 4265?
5, 853
List the prime factors of 1119.
3, 373
What are the prime factors of 93380?
2, 5, 7, 23, 29
List the prime factors of 72301.
17, 4253
List the prime factors of 28524.
2, 3, 2377
List the prime factors of 48722.
2, 17, 1433
List the prime factors of 5889.
3, 13, 151
What are the prime factors of 62?
2, 31
What are the prime factors of 3072?
2, 3
List the prime factors of 2590.
2, 5, 7, 37
List the prime factors of 5592.
2, 3, 233
What are the prime factors of 45087?
3, 7, 19, 113
What are the prime factors of 26351?
13, 2027
What are the prime factors of 26372?
2, 19, 347
What are the prime factors of 8867?
8867
What are the prime factors of 13207?
47, 281
What are the prime factors of 2151?
3, 239
What are the prime factors of 59274?
2, 3, 37, 89
What are the prime factors of 3469?
3469
What are the prime factors of 5469?
3, 1823
What are the prime factors of 1534?
2, 13, 59
List the prime factors of 107905.
5, 7, 3083
List the prime factors of 12547.
12547
What are the prime factors of 1333?
31, 43
List the prime factors of 4017.
3, 13, 103
List the prime factors of 127877.
127877
List the prime factors of 820.
2, 5, 41
List the prime factors of 1443.
3, 13, 37
List the prime factors of 1960.
2, 5, 7
What are the prime factors of 4530?
2, 3, 5, 151
What are the prime factors of 850?
2, 5, 17
What are the prime factors of 3184?
2, 199
What are the prime factors of 2069?
2069
List the prime factors of 37.
37
What are the prime factors of 673?
673
What are the prime factors of 13709?
13709
List the prime factors of 8324.
2, 2081
List the prime factors of 32223.
3, 23, 467
List the prime factors of 4501.
7, 643
List the prime factors of 1390.
2, 5, 139
What are the prime factors of 4286?
2, 2143
What are the prime factors of 24143?
7, 3449
List the prime factors of 2421.
3, 269
List the prime factors of 1551.
3, 11, 47
What are the prime factors of 38341?
23, 1667
What are the prime factors of 392?
2, 7
List the prime factors of 53009.
11, 61, 79
List the prime factors of 3209.
3209
What are the prime factors of 121?
11
What are the prime factors of 30201?
3, 10067
What are the prime factors of 7244?
2, 1811
List the prime factors of 8733.
3, 41, 71
What are the prime factors of 2336?
2, 73
List the prime factors of 767.
13, 59
What are the prime factors of 3143?
7, 449
List the prime factors of 1066.
2, 13, 41
List the prime factors of 55403.
17, 3259
What are the prime factors of 11308?
2, 11, 257
What are the prime factors of 1694?
2, 7, 11
What are the prime factors of 42027?
3, 14009
What are the prime factors of 35514?
2, 3, 1973
List the prime factors of 1095.
3, 5, 73
List the prime factors of 7515.
3, 5, 167
List the prime factors of 6479.
11, 19, 31
List the prime factors of 15870.
2, 3, 5, 23
What are the prime factors of 19977?
3, 6659
What are the prime factors of 146130?
2, 3, 5, 4871
List the prime factors of 7166.
2, 3583
List the prime factors of 106229.
19, 5591
What are the prime factors of 1118?
2, 13, 43
List the prime factors of 8362.
2, 37, 113
List the prime factors of 5205.
3, 5, 347
List the prime factors of 3880.
2, 5, 97
What are the prime factors of 1872?
2, 3, 13
List the prime factors of 6282.
2, 3, 349
List the prime factors of 1452.
2, 3, 11
List the prime factors of 1077.
3, 359
What are the prime factors of 1026?
2, 3, 19
What are the prime factors of 801?
3, 89
List the prime factors of 121.
11
List the prime factors of 4747.
47, 101
What are the prime factors of 4499?
11, 409
What are the prime factors of 4489?
67
List the prime factors of 43162.
2, 7, 3083
List the prime factors of 27072.
2, 3, 47
List the prime factors of 438.
2, 3, 73
List the prime factors of 6488.
2, 811
List the prime factors of 34163.
127, 269
List the prime factors of 405.
3, 5
What are the prime factors of 1326?
2, 3, 13, 17
What are the prime factors of 62483?
62483
What are the prime factors of 19449?
3, 2161
What are the prime factors of 301?
7, 43
What are the prime factors of 2008?
2, 251
List the prime factors of 11749.
31, 379
List the prime factors of 289.
17
List the prime factors of 170530.
2, 5, 17053
What are the prime factors of 26900?
2, 5, 269
List the prime factors of 35882.
2, 7, 11, 233
List the prime factors of 4531.
23, 197
What are the prime factors of 3088?
2, 193
What are the prime factors of 2651?
11, 241
What are the prime factors of 11667?
3, 3889
What are the prime factors of 73235?
5, 97, 151
List the prime factors of 1169.
7, 167
What are the prime factors of 3150?
2, 3, 5, 7
List the prime factors of 19809.
3, 31, 71
List the prime factors of 30342.
2, 3, 13, 389
List the prime factors of 44338.
2, 7, 3167
What are the prime factors of 28895?
5, 5779
What are the prime factors of 65439?
3, 11, 661
What are the prime factors of 1100?
2, 5, 11
List the prime factors of 4062.
2, 3, 677
What are the prime factors of 23780?
2, 5, 29, 41
What are the prime factors of 42173?
181, 233
List the prime factors of 6944.
2, 7, 31
What are the prime factors of 22991?
83, 277
List the prime factors of 271.
271
What are the prime factors of 7722?
2, 3, 11, 13
List the prime factors of 59498.
2, 71, 419
What are the prime factors of 3354?
2, 3, 13, 43
List the prime factors of 65.
5, 13
List the prime factors of 40054.
2, 7, 2861
List the prime factors of 2864.
2, 179
What are the prime factors of 3825?
3, 5, 17
What are the prime factors of 80050?
2, 5, 1601
What are the prime factors of 24342?
2, 3, 4057
List the prime factors of 1637.
1637
What are the prime factors of 287?
7, 41
List the prime factors of 38059.
7, 5437
List the prime factors of 1961.
37, 53
What are the prime factors of 987?
3, 7, 47
List the prime factors of 1062.
2, 3, 59
What are the prime factors of 64618?
2, 32309
List the prime factors of 120043.
7, 11, 1559
List the prime factors of 5195.
5, 1039
List the prime factors of 4005.
3, 5, 89
List the prime factors of 1906.
2, 953
List the prime factors of 283.
283
What are the prime factors of 30546?
2, 3, 1697
List the prime factors of 1079.
13, 83
List the prime factors of 915.
3, 5, 61
List the prime factors of 20602.
2, 10301
What are the prime factors of 1278?
2, 3, 71
